 9, what is -758726 - -1?
-758725
In base 10, what is -13254 + 140?
-13114
In base 16, what is -7fc1 + -3b?
-7ffc
In base 3, what is 1101102 - -120001?
1221110
In base 8, what is -4 + 6611?
6605
In base 4, what is -33132 + 1012?
-32120
In base 5, what is 4200113 - -202?
4200320
In base 13, what is -1 + 278906?
278905
In base 16, what is -9b2 + -89?
-a3b
In base 4, what is 11131002 - 22?
11130320
In base 7, what is -4323 - -56?
-4234
In base 10, what is 35 + 52005?
52040
In base 9, what is 0 - 156217?
-156217
In base 4, what is -2002101 + 11212?
-1330223
In base 14, what is a7 + -38bd?
-3816
In base 7, what is 642015 - 3?
642012
In base 3, what is 1121000 - -12?
1121012
In base 14, what is -b + 7724?
7717
In base 9, what is -323 + -16?
-340
In base 10, what is 1650 + -41?
1609
In base 5, what is 41304100 - 10?
41304040
In base 9, what is -8 + 6452?
6443
In base 4, what is -1 - -1210300?
1210233
In base 15, what is -d1ce + 1?
-d1cd
In base 5, what is -241321 - 134?
-242010
In base 13, what is 2 - -8617?
8619
In base 10, what is 13 - 17347?
-17334
In base 15, what is 2e0356 - 3?
2e0353
In base 3, what is 1010102220120 - 11?
1010102220102
In base 16, what is -8cbb - 1?
-8cbc
In base 4, what is -102 + -13111?
-13213
In base 3, what is -2012022 + -120?
-2012212
In base 3, what is 10112200 - -2011?
10121211
In base 7, what is 2116 + 1606?
4025
In base 15, what is 3b8 - -466?
82e
In base 13, what is 2 - -5246?
5248
In base 9, what is 2068 - -17?
2086
In base 7, what is -3105 + 1635?
-1140
In base 6, what is -152 - -4301?
4105
In base 15, what is -1ab + -42c6?
-4482
In base 7, what is -4 - 1360341?
-1360345
In base 6, what is 200042 + 1?
200043
In base 3, what is 121202 - -1211?
200120
In base 2, what is 10001001100010 + 11001?
10001001111011
In base 8, what is 1 + -2502546?
-2502545
In base 5, what is -10 + -124032202?
-124032212
In base 10, what is -36966 - 6?
-36972
In base 4, what is -233030022 + 2?
-233030020
In base 4, what is 1231211 - 223?
1230322
In base 3, what is -10102111 - 20?
-10102201
In base 5, what is -114243034 + -3?
-114243042
In base 2, what is -1110001111001101001 + -101?
-1110001111001101110
In base 4, what is 231332011 - 202?
231331203
In base 14, what is 1c - -5074?
5092
In base 16, what is 20 - -88d?
8ad
In base 5, what is -4 - -1021041?
1021032
In base 12, what is -10463 + 56?
-10409
In base 15, what is -38 - 8e?
-c7
In base 5, what is 3223 + -12034?
-3311
In base 16, what is -8 + -1a5?
-1ad
In base 11, what is 3070 - 145?
2a26
In base 2, what is 1000001000001 + -11001010?
111101110111
In base 6, what is 1011003 - 1?
1011002
In base 16, what is -5f - 17?
-76
In base 3, what is 201 + -12212?
-12011
In base 13, what is 0 + c666?
c666
In base 10, what is -81274 - 1?
-81275
In base 5, what is 210343 + 1?
210344
In base 2, what is -1001 - -101010011?
101001010
In base 8, what is -45 - 2746?
-3013
In base 3, what is -2010 + -1102122?
-1111202
In base 15, what is -535 + 67d?
148
In base 3, what is -100110 + -100022012?
-100122122
In base 11, what is -25671 + -12?
-25683
In base 3, what is -220211002200 + 22?
-220211002101
In base 2, what is 1100010110100010010 + -101?
1100010110100001101
In base 9, what is -112500 - 1?
-112501
In base 2, what is -11 + 100000000100010111?
100000000100010100
In base 14, what is -1 + -1090?
-1091
In base 7, what is -65 + -10230?
-10325
In base 12, what is -5 - b67b?
-b684
In base 10, what is -37979 + -1?
-37980
In base 2, what is 10 - 1111011110100?
-1111011110010
In base 16, what is -7cf + -15?
-7e4
In base 15, what is 3dc6 + -6?
3dc0
In base 13, what is 12c2 + 3c?
1331
In base 11, what is -15 + 47a?
465
In base 9, what is -20 - -6717?
6687
In base 8, what is -355 - 5?
-362
In base 7, what is 446 + 201?
650
In base 14, what is 7 + 21853?
2185a
In base 16, what is -e3fc2 + -5?
-e3fc7
In base 14, what is -9 - 9d0?
-9d9
In base 9, what is -33035 - -2?
-33033
In base 12, what is -b72 - -26?
-b48
In base 6, what is 24313351 + 4?
24313355
In base 15, what is 16 - 83e7?
-83d1
In base 9, what is 25231 - 1?
25230
In base 6, what is -12400 + -2?
-12402
In base 10, what is 4872 - 230?
4642
In base 14, what is -3565c + 1?
-3565b
In base 9, what is 1 - 1?
0
In base 11, what is 38 + -2818?
-2790
In base 3, what is 0 - 1111120012?
-1111120012
In base 2, what is 11000110000011 + 11?
11000110000110
In base 16, what is -5 + 55a8?
55a3
In base 12, what is 44 + 7b75?
7bb9
In base 12, what is 317 + 721?
a38
In base 4, what is 111121 - -2023?
113210
In base 8, what is -21227 + -25?
-21254
In base 2, what is -1 + -1010101111011?
-1010101111100
In base 4, what is -23303321 - -11?
-23303310
In base 5, what is 12334 - 1200?
11134
In base 5, what is -223041 - 3?
-223044
In base 11, what is 2a6 + -308?
-12
In base 11, what is 365 - 75?
2a0
In base 7, what is -15436 - -202?
-15234
In base 7, what is 15362 + 1?
15363
In base 16, what is 39987 + 0?
39987
In base 12, what is -84402 + -1?
-84403
In base 2, what is -10 - -110110001011111?
110110001011101
In base 14, what is 16 - -12dc8?
13000
In base 6, what is -220540 + 31?
-220505
In base 2, what is 111 + -1000000100001110?
-1000000100000111
In base 9, what is -1 + 4514?
4513
In base 9, what is 614 - 3440?
-2725
In base 4, what is -1001030 + 20330?
-320100
In base 8, what is -1750741 + 1?
-1750740
In base 11, what is -4 + -63a906?
-63a90a
In base 4, what is 22032 - 1011?
21021
In base 8, what is 2 - 35144?
-35142
In base 7, what is 2564 + -101?
2463
In base 14, what is 7 + 959?
962
In base 2, what is -1 - 10000111111111101?
-10000111111111110
In base 16, what is -20cce3 + -4?
-20cce7
In base 2, what is -101 + -101011111100101101?
-101011111100110010
In base 13, what is 5c563 - 2?
5c561
In base 15, what is -2 + 155?
153
In base 11, what is 46a0 + -8?
4693
In base 2, what is 1001011 + 11010110100?
11011111111
In base 15, what is -c3ce - -61?
-c36d
In base 7, what is -3 - 513415?
-513421
In base 5, what is -2220213 + -10?
-2220223
In base 6, what is 2 - 545050?
-545044
In base 9, what is -507 - -2107?
1500
In base 4, what is -121 + -123232201?
-123232322
In base 7, what is -342321 - 0?
-342321
In base 13, what is 2304 + -2?
2302
In base 6, what is 334 - 220?
114
In base 5, what is 1 - 12001313?
-12001312
In base 5, what is -1020 + 432222?
431202
In base 5, what is 121414 + 203?
122122
In base 8, what is -127 + 27552?
27423
In base 2, what is -100110001010 - 10?
-100110001100
In base 3, what is -1 + 1002011202122?
1002011202121
In base 4, what is 1311202 + 30?
1311232
In base 4, what is 10 - -223022011?
223022021
In base 3, what is 20200220 + 22?
20201012
In base 9, what is 3 + -1528482?
-1528478
In base 3, what is -221110012100 + -12?
-221110012112
In base 16, what is -b4 + 120?
6c
In base 9, what is 151 + -10214?
-10053
In base 2, what is 11001 - -1010001101011?
1010010000100
In base 15, what is 3b3a1 - 4?
3b39c
In base 2, what is 11 + -11001101111?
-11001101100
In base 14, what is 3c0ab9 + 4?
3c0abd
In base 13, what is 1b6 - -55?
23b
In base 13, what is -440 - -1a?
-423
In base 15, what is -1 - -11eb06?
11eb05
In base 14, what is 4 + -7712?
-770c
In base 8, what is -2 + -157174?
-157176
In base 16, what is 1 - 19ec7?
-19ec6
In base 5, what is -103300 - -1011?
-102234
In base 13, what is -4410 + b?
-4402
In base 10, what is 3124154 + 4?
3124158
In base 6, what is 351322 + -4?
351314
In base 13, what is -6c2 + -14?
-706
In base 2, what is -111101100000000001111 + 11?
-111101100000000001100
In base 12, what is -215ba + -3?
-21601
In base 12, what is 12409 - 1?
12408
In base 14, what is -4 - 13?
-17
In base 4, what is -1 - -1032010?
1032003
In base 6, what is 4 + 30214052?
30214100
In base 9, what is 18365 + -18?
18346
In base 7, what is 4 - -143646?
143653
In base 5, what is -3423 - -14304?
10331
In base 6, what is 2315 - 325?
1550
In base 11, what is -396a5 + 22?
-39683
In base 14, what is -544b + -1?
-544c
In base 4, what is -13 - -10110100?
10110021
In base 10, what is -420 + -1736?
-2156
In base 5, what is 2 - -210433?
210440
In base 15, what is 6d - -62?
d0
In base 16, what is 217f - 18?
2167
In base 14, what is -46 - 8728?
-8770
In base 13, what is -33b275 + -2?
-33b277
In base 13, what is 214 - -480?
694
In base 12, what is -10 + 2b?
1b
In base 2, what is -11000010001 - -1000